{"id":294,"date":"2020-06-15T16:43:02","date_gmt":"2020-06-15T16:43:02","guid":{"rendered":"http:\/\/wanatamusic.com\/?page_id=294"},"modified":"2021-10-23T08:54:48","modified_gmt":"2021-10-23T08:54:48","slug":"biography","status":"publish","type":"page","link":"https:\/\/wanatamusic.com\/?page_id=294","title":{"rendered":"Biography"},"content":{"rendered":"\t\t<div data-elementor-type=\"wp-page\" data-elementor-id=\"294\" class=\"elementor elementor-294\">\n\t\t\t\t\t\t\t\t\t<section class=\"elementor-section elementor-top-section elementor-element elementor-element-96c7d45 elementor-section-height-min-height elementor-section-items-bottom elementor-section-boxed elementor-section-height-default\" data-id=\"96c7d45\" data-element_type=\"section\" data-settings=\"{&quot;background_background&quot;:&quot;slideshow&quot;,&quot;background_slideshow_gallery&quot;:[{&quot;id&quot;:402,&quot;url&quot;:&quot;http:\\\/\\\/wanatamusic.com\\\/wp-content\\\/uploads\\\/2021\\\/09\\\/IMGL0552-1.jpeg&quot;},{&quot;id&quot;:668,&quot;url&quot;:&quot;http:\\\/\\\/wanatamusic.com\\\/wp-content\\\/uploads\\\/2021\\\/09\\\/239936011_255249393089788_8643668230631967606_n.jpeg&quot;},{&quot;id&quot;:556,&quot;url&quot;:&quot;http:\\\/\\\/wanatamusic.com\\\/wp-content\\\/uploads\\\/2021\\\/09\\\/11181745_1627373994183885_452433772654211836_n.jpeg&quot;}],&quot;background_slideshow_ken_burns&quot;:&quot;yes&quot;,&quot;background_slideshow_loop&quot;:&quot;yes&quot;,&quot;background_slideshow_slide_duration&quot;:5000,&quot;background_slideshow_slide_transition&quot;:&quot;fade&quot;,&quot;background_slideshow_transition_duration&quot;:500,&quot;background_slideshow_ken_burns_zoom_direction&quot;:&quot;in&quot;}\">\n\t\t\t\t\t\t\t<div class=\"elementor-background-overlay\"><\/div>\n\t\t\t\t\t\t\t<div class=\"elementor-container elementor-column-gap-no\">\n\t\t\t\t\t<div class=\"elementor-column elementor-col-100 elementor-top-column elementor-element elementor-element-0d88914\" data-id=\"0d88914\" data-element_type=\"column\">\n\t\t\t<div class=\"elementor-widget-wrap\">\n\t\t\t\t\t\t\t\t\t<\/div>\n\t\t<\/div>\n\t\t\t\t\t\t\t<\/div>\n\t\t<\/section>\n\t\t\t\t<section class=\"elementor-section elementor-top-section elementor-element elementor-element-66468e1 elementor-section-boxed elementor-section-height-default elementor-section-height-default\" data-id=\"66468e1\" data-element_type=\"section\" data-settings=\"{&quot;background_background&quot;:&quot;gradient&quot;}\">\n\t\t\t\t\t\t\t<div class=\"elementor-background-overlay\"><\/div>\n\t\t\t\t\t\t\t<div class=\"elementor-container elementor-column-gap-no\">\n\t\t\t\t\t<div class=\"elementor-column elementor-col-100 elementor-top-column elementor-element elementor-element-ec0c66a\" data-id=\"ec0c66a\" data-element_type=\"column\">\n\t\t\t<div class=\"elementor-widget-wrap elementor-element-populated\">\n\t\t\t\t\t\t\t\t<div class=\"elementor-element elementor-element-599c3ca elementor-widget elementor-widget-spacer\" data-id=\"599c3ca\" data-element_type=\"widget\" data-widget_type=\"spacer.default\">\n\t\t\t\t<div class=\"elementor-widget-container\">\n\t\t\t<style>\/*! elementor - v3.11.1 - 15-02-2023 *\/\n.elementor-column .elementor-spacer-inner{height:var(--spacer-size)}.e-con{--container-widget-width:100%}.e-con-inner>.elementor-widget-spacer,.e-con>.elementor-widget-spacer{width:var(--container-widget-width,var(--spacer-size));--align-self:var(--container-widget-align-self,initial);--flex-shrink:0}.e-con-inner>.elementor-widget-spacer>.elementor-widget-container,.e-con-inner>.elementor-widget-spacer>.elementor-widget-container>.elementor-spacer,.e-con>.elementor-widget-spacer>.elementor-widget-container,.e-con>.elementor-widget-spacer>.elementor-widget-container>.elementor-spacer{height:100%}.e-con-inner>.elementor-widget-spacer>.elementor-widget-container>.elementor-spacer>.elementor-spacer-inner,.e-con>.elementor-widget-spacer>.elementor-widget-container>.elementor-spacer>.elementor-spacer-inner{height:var(--container-widget-height,var(--spacer-size))}<\/style>\t\t<div class=\"elementor-spacer\">\n\t\t\t<div class=\"elementor-spacer-inner\"><\/div>\n\t\t<\/div>\n\t\t\t\t<\/div>\n\t\t\t\t<\/div>\n\t\t\t\t<div class=\"elementor-element elementor-element-ac625e3 elementor-widget elementor-widget-heading\" data-id=\"ac625e3\" data-element_type=\"widget\" data-widget_type=\"heading.default\">\n\t\t\t\t<div class=\"elementor-widget-container\">\n\t\t\t<style>\/*! elementor - v3.11.1 - 15-02-2023 *\/\n.elementor-heading-title{padding:0;margin:0;line-height:1}.elementor-widget-heading .elementor-heading-title[class*=elementor-size-]>a{color:inherit;font-size:inherit;line-height:inherit}.elementor-widget-heading .elementor-heading-title.elementor-size-small{font-size:15px}.elementor-widget-heading .elementor-heading-title.elementor-size-medium{font-size:19px}.elementor-widget-heading .elementor-heading-title.elementor-size-large{font-size:29px}.elementor-widget-heading .elementor-heading-title.elementor-size-xl{font-size:39px}.elementor-widget-heading .elementor-heading-title.elementor-size-xxl{font-size:59px}<\/style><h2 class=\"elementor-heading-title elementor-size-large\">Biography<\/h2>\t\t<\/div>\n\t\t\t\t<\/div>\n\t\t\t\t<div class=\"elementor-element elementor-element-581e377 elementor-widget elementor-widget-heading\" data-id=\"581e377\" data-element_type=\"widget\" data-widget_type=\"heading.default\">\n\t\t\t\t<div class=\"elementor-widget-container\">\n\t\t\t<h2 class=\"elementor-heading-title elementor-size-large\">Biograf\u00eda<\/h2>\t\t<\/div>\n\t\t\t\t<\/div>\n\t\t\t\t<div class=\"elementor-element elementor-element-0fb7d27 elementor-widget elementor-widget-spacer\" data-id=\"0fb7d27\" data-element_type=\"widget\" data-widget_type=\"spacer.default\">\n\t\t\t\t<div class=\"elementor-widget-container\">\n\t\t\t\t\t<div class=\"elementor-spacer\">\n\t\t\t<div class=\"elementor-spacer-inner\"><\/div>\n\t\t<\/div>\n\t\t\t\t<\/div>\n\t\t\t\t<\/div>\n\t\t\t\t<div class=\"elementor-element elementor-element-478c9e5 elementor-widget elementor-widget-text-editor\" data-id=\"478c9e5\" data-element_type=\"widget\" data-widget_type=\"text-editor.default\">\n\t\t\t\t<div class=\"elementor-widget-container\">\n\t\t\t<style>\/*! elementor - v3.11.1 - 15-02-2023 *\/\n.elementor-widget-text-editor.elementor-drop-cap-view-stacked .elementor-drop-cap{background-color:#818a91;color:#fff}.elementor-widget-text-editor.elementor-drop-cap-view-framed .elementor-drop-cap{color:#818a91;border:3px solid;background-color:transparent}.elementor-widget-text-editor:not(.elementor-drop-cap-view-default) .elementor-drop-cap{margin-top:8px}.elementor-widget-text-editor:not(.elementor-drop-cap-view-default) .elementor-drop-cap-letter{width:1em;height:1em}.elementor-widget-text-editor .elementor-drop-cap{float:left;text-align:center;line-height:1;font-size:50px}.elementor-widget-text-editor .elementor-drop-cap-letter{display:inline-block}<\/style>\t\t\t\t<p>Wanata<\/p><p>\u00a0<\/p><p>Naci\u00f3 9 de Abril del 1976, en Obreg\u00f3n Sonora, Bajo el Signo de Aries<\/p><p>\u00a0<\/p><p>Su Producci\u00f3n A\u00f1o 2011:<\/p><p>A su Corta Edad, Admiraba Ya a las Grandes Interpretes y Cantantes que estaban en ese entonces, Lola Beltr\u00e1n, Manuella Torres y Lupita Dalessio, Flans, Alejandra Guzm\u00e1n, Gloria Trevi, Se dio Cuenta que lo Suyo era Cantar!! Con una Voz y un Estilo Diferente, Tierna y Sensual, Wanata se decide lanzarse a los Escenarios, que incluyo temas en su CD como Homenaje a las Cantantes que Admiraba, y al Ritmo de Norte\u00f1o y Tuba en el Regional Mexicano, Que me Perdone tu Se\u00f1ora es Su Primer Sencillo de su Primera Producci\u00f3n, Canci\u00f3n que la da a Conocer en sus inicios en su Natal Sonora, y por diferentes ciudades de M\u00e9xico con la Promoci\u00f3n del Video de Banda Max y Video Rola, Ya Rebasa Un Mill\u00f3n de Views en You Tube, Adem\u00e1s A la Que Vive Contigo, Punto y Coma, Me Perteneces entre otras<\/p><p>\u00a0<\/p><p>M\u00e9xico, Televisi\u00f3n:<\/p><p>A\u00f1o 2011 fue invitada a un Casting de Cantando Por Sue\u00f1o en Televisa San \u00c1ngel y tambi\u00e9n para distintos programas de Banda Max, a los 2 meses, La llamaron para estar en el programa de Hoy y de Coque Mu\u00f1iz, Tv de Noche tuvo dos participaciones en entrevista en el programa, posteriormente fue invitada al programa de Sabadazo en dos ocasiones m\u00e1s<\/p><p>\u00a0<\/p><p>Tiempo despu\u00e9s tuvo la oportunidad de estar en el programa de Guau con Alex kaffie en dos ocasiones video que le abri\u00f3 las puertas en distintos programas de Televisi\u00f3n de Estados Unidos!<\/p><p>\u00a0<\/p><p>Alterno:<\/p><p>Y Gracias a las Ganas y la Promoci\u00f3n en M\u00e9xico de su Primer Sencillo y Video le sirvi\u00f3 para que Promotores de los Eventos, Bailes, Teatros del Pueblo, Palenques, le llamaran para compartir los Escenarios con Artistas de Renombre en Distintas Ciudades de Provincia en M\u00e9xico, Como El Coyote, Tucanes de Tijuana, Lalo Mora, Banda El Recodo, Banda Lim\u00f3n, Banda Machos, Entre otros<\/p><p>\u00a0<\/p><p>Estados Unidos:<\/p><p>\u00a0<\/p><p>En el 2016<\/p><p>Regresa a la Carga con Un CD bajo el Brazo, pero ya en Estados Unidos, el Proyecto Con Banda titulado Empezare otro Ciclo dirigido y producido por el compositor reconocido Ariel Barreras, adem\u00e1s incluyo Me Gustar\u00eda Creerte, Chulas Fronteras, entre otras!<\/p><p>\u00a0<\/p><p>Donde Inmediatamente Estrella TV levanta la Mano y es la Primera Televisora en Abrirle la Puerta en Estados Unidos con los programas Estudio Dos, en Vivo y Platanito Show!<\/p><p>\u00a0<\/p><p>En el 2017<\/p><p>Graba 2 Sencillos LOCA, que interpretara Exitosamente Mar\u00eda Conchita Alonso, Donde Wanata Con Arreglos de Banda le pone su Estilo Propio Especial a Cada Canci\u00f3n que interpreta, Alivia mi Coraz\u00f3n es una Balada Norte\u00f1a con una Buen\u00edsima Letra del Compositor Javier Zazueta, reconocido por los \u00e9xitos del Coyote, Interpretada magistralmente la Canci\u00f3n por la Bella Wanata, perfil\u00e1ndose como un Hit Radial, y por falta de Apoyo, ah\u00ed quedo Esperando la Oportunidad de ser lanzada a Promoci\u00f3n!<\/p><p>\u00a0<\/p><p>En el 2021<\/p><p>Se encuentra en Busca de Nuevas Oportunidades, Renov\u00e1ndose y Preparando Ya Nuevas Canciones para Grabar un Nuevo CD, Ya que No pierde las Esperanzas de Retomar Fuerte la Carrera Musical..<\/p>\t\t\t\t\t\t<\/div>\n\t\t\t\t<\/div>\n\t\t\t\t\t<\/div>\n\t\t<\/div>\n\t\t\t\t\t\t\t<\/div>\n\t\t<\/section>\n\t\t\t\t\t\t\t<\/div>\n\t\t","protected":false},"excerpt":{"rendered":"<p>Biography Biograf\u00eda Wanata \u00a0 Naci\u00f3 9 de Abril del 1976, en Obreg\u00f3n Sonora, Bajo el Signo de Aries \u00a0 Su Producci\u00f3n A\u00f1o 2011: A su Corta Edad, Admiraba Ya a las Grandes Interpretes y Cantantes que estaban en ese entonces, Lola Beltr\u00e1n, Manuella Torres y Lupita Dalessio, Flans, Alejandra Guzm\u00e1n, Gloria Trevi, Se dio Cuenta &hellip;<\/p>\n<p class=\"read-more\"> <a class=\"\" href=\"https:\/\/wanatamusic.com\/?page_id=294\"> <span class=\"screen-reader-text\">Biography<\/span> Read More &raquo;<\/a><\/p>\n","protected":false},"author":1,"featured_media":0,"parent":0,"menu_order":0,"comment_status":"closed","ping_status":"closed","template":"","meta":{"om_disable_all_campaigns":false,"_mi_skip_tracking":false},"aioseo_notices":[],"_links":{"self":[{"href":"https:\/\/wanatamusic.com\/index.php?rest_route=\/wp\/v2\/pages\/294"}],"collection":[{"href":"https:\/\/wanatamusic.com\/index.php?rest_route=\/wp\/v2\/pages"}],"about":[{"href":"https:\/\/wanatamusic.com\/index.php?rest_route=\/wp\/v2\/types\/page"}],"author":[{"embeddable":true,"href":"https:\/\/wanatamusic.com\/index.php?rest_route=\/wp\/v2\/users\/1"}],"replies":[{"embeddable":true,"href":"https:\/\/wanatamusic.com\/index.php?rest_route=%2Fwp%2Fv2%2Fcomments&post=294"}],"version-history":[{"count":34,"href":"https:\/\/wanatamusic.com\/index.php?rest_route=\/wp\/v2\/pages\/294\/revisions"}],"predecessor-version":[{"id":1026,"href":"https:\/\/wanatamusic.com\/index.php?rest_route=\/wp\/v2\/pages\/294\/revisions\/1026"}],"wp:attachment":[{"href":"https:\/\/wanatamusic.com\/index.php?rest_route=%2Fwp%2Fv2%2Fmedia&parent=294"}],"curies":[{"name":"wp","href":"https:\/\/api.w.org\/{rel}","templated":true}]}}